 5*f - 7. Let d be w(5). Let u(s) = -s**3 - 7*s**2 - 6. What is u(d)?
-6
Let z(j) = -j**2 - 9*j + j - j - 9. Give z(-8).
-1
Let i be 0/(-1*(-1 - 0)). Suppose q - 7 + 3 = i. Let u(d) = -d**2 + 4*d - 5. Calculate u(q).
-5
Let n = 28 - 30. Let k(o) = -o - 2. Calculate k(n).
0
Let i be 4/(-26) + (-475)/(-130). Let v(o) be the second derivative of 2*o + 1/6*o**3 + 0 - i*o**2. Determine v(5).
-2
Let l be ((-2)/6)/((-1)/(-3)). Let r(p) = 5*p - 3. Let q(n) = 1. Let i(f) = -2*q(f) - r(f). Determine i(l).
6
Let a(t) = 7*t + 8. Let w be a(-2). Let n(g) = g**2 + 8*g + 9. Determine n(w).
-3
Let w(i) = -2 + 2 - 2*i - 2. Let t(h) = -h - 12. Let u(l) = l**3 + 9*l**2 + l. Let f be u(-9). Let r be t(f). What is w(r)?
4
Let j(t) = 12*t + 5. Suppose -2*o - 6*a - 51 = -a, 0 = 4*o + 4*a + 72. Let r = o - 0. Let y(h) = 25*h + 11. Let p(z) = r*j(z) + 6*y(z). Give p(-1).
7
Let s(l) = -2*l - 3. Suppose -2*v = 2*v - i + 14, 2*v + 2 = 3*i. Calculate s(v).
5
Let p = 18 - 13. Let s(f) = f - 2*f + 1 + f**2 - 3*f. What is s(p)?
6
Let c = -13 + 20. Suppose -3*f - 2*x - 15 = 0, 3 + c = -2*f - 2*x. Let s(y) = -y**2 - 6*y. Calculate s(f).
5
Let h = -37 + 29. Let i(c) = c**3 + 7*c**2 - 9*c - 3. Calculate i(h).
5
Let n(g) be the second derivative of g**4/4 - 34*g. Suppose -x = -6*x + 5. What is n(x)?
3
Suppose j - r = -4*r + 5, 4 = 4*r. Suppose -24 = j*l + 5*y, -3*l + 0*l - 2 = -y. Let h(s) = -s**3 + 4*s + 3. What is h(l)?
3
Suppose 0*d + 2*d - 8 = 3*b, -26 = 4*b + 5*d. Let u(l) = l**2 + 2*l + 3. Give u(b).
11
Suppose 5*n = -x + 17, -4*n + 6 = -5*x + 2*x. Let w = -53 - -55. Let g(a) = w + 8*a**3 + x + a + 4*a**2 - 6 - 7*a**3. Determine g(-2).
4
Let f(w) = -5*w**2. Let i be (-75)/(-3) - (-1 - -2). Suppose 4*u - 5*a = i, 0 = -u + 3*a + 8 + 5. Determine f(u).
-5
Suppose -r + 3*h + 2 = r, -4*r + 4*h = -8. Suppose 0*p - 4*p = -r. Let f(u) be the second derivative of 7*u**5/20 + u**4/12 - u**2/2 - u. Give f(p).
7
Let j(c) be the first derivative of -c**3/3 + c**2/2 + 4*c + 1. Let m be 0/(4*5/10). Calculate j(m).
4
Let r(y) = -y. Suppose -3*z = -4*t + 2*z + 15, -3*t + 4*z = -12. Let p(w) = w + w + t*w. Let v(l) = p(l) + r(l). Calculate v(4).
4
Let c(r) = r**2 + 8*r + 10. Let u be c(-4). Let p(b) = b**2 + 6*b - 3. Determine p(u).
-3
Suppose -20*s = -21*s + 2. Let r(y) = 4 - 5*y + 0 - 3. What is r(s)?
-9
Let p(a) be the second derivative of -5*a**4/24 + 9*a**2/2 - 8*a. Let d(i) be the first derivative of p(i). What is d(-1)?
5
Let l(s) = -s**3 + 6*s**2 - 6*s + 7. Let k(c) = 5*c - 7*c + 5 + 7*c - c**2. Let g be k(5). Calculate l(g).
2
Let i be (-30)/(-9)*(-12)/(-8). Let c(a) = -7 + 3 + a + 4*a - 6*a. Calculate c(i).
-9
Suppose 0 = 165*h - 161*h - 8. Let s(m) = -6*m - 2. Calculate s(h).
-14
Let h(v) = -4*v**3 - v**2 + v. Let t be h(1). Let n be (0 + -1)*0/4. Let q = n + t. Let j(l) = l - 1. Determine j(q).
-5
Suppose -12*n + 10*n = 14. Let r(c) = -c - 9 - 6 + 15. Give r(n).
7
Let f(v) = -v**3 + 8*v**2 + 8*v + 12. Let n be f(9). Let l(p) = p + 4*p - 3*p - p - n. Let o be l(8). Let s(b) = -b**3 + 6*b**2 - 7*b. What is s(o)?
-10
Let c be (-9)/(-6)*-2 + 5. Let z = -4 - -6. Suppose -z*j + 0*d = 2*d, 4*d - 30 = c*j. Let l(f) = -f**2 - 6*f - 1. What is l(j)?
4
Let t be (-3)/(-15) - (-1)/(-5). Let u(z) = t*z**2 + z**2 + z**2. Let f = -17 - -18. Give u(f).
2
Let u(v) = v**3. Suppose -2*o + 4*o + 2*a + 2 = 0, 0 = 4*o + 2*a + 4. What is u(o)?
-1
Let y(z) = 6*z**2 + 0*z**2 - 7*z**2 + 0*z**2. Let i(q) = -3*q**2 - 2*q + 1. Let d(k) = i(k) - 2*y(k). Determine d(2).
-7
Suppose 3*d - 3 = -0*d. Let y(h) = -7*h**2 + 3*h**2 + h**2 + 1. Calculate y(d).
-2
Let s(g) = 12 - 3 - 16*g**2 + 9*g + 17*g**2. Calculate s(-7).
-5
Suppose 0*m - 2*s + 14 = 5*m, -m = -5*s - 19. Let h(p) = p**2 - p - 3. What is h(m)?
9
Let y(u) = -4*u**3 - u**2 - u + 1. Let o be y(1). Let n be (-26)/o + (-2)/10. Let i(r) = n*r - 3*r + 0*r. Calculate i(3).
6
Let j(l) = l**2 - 3*l - 3. Let w(n) = 3*n - 17. Let b be w(5). Give j(b).
7
Let p = -22 - -30. Let c(v) = -v**2 + 8*v - 9. Give c(p).
-9
Let b(c) = 4*c**3 - 4*c**2 + 6*c - 3. Let p(j) = 7*j**3 - 9*j**2 + 12*j - 6. Let g(o) = -5*b(o) + 3*p(o). Determine g(6).
-3
Let l(a) = -8 + 2*a + 3*a - 2*a - 2*a. What is l(0)?
-8
Let b(a) = a**3 - 4*a**2 - 3*a + 3. Suppose -2*g - 8 = -4*g. Give b(g).
-9
Let d(f) = f**2 - f - 3. Let j be d(3). Let y(h) = -2*h + 4. What is y(j)?
-2
Let g(o) be the third derivative of o**6/120 + o**3/6 - o**2. Let r = -1 + 6. Suppose -5*k + 22 = 3*x, k + 0 = r. Calculate g(x).
0
Let r be 4/(-24) + (-39)/(-18). Let j be r*2/(-4) - 0. Let v(i) = 6*i + 1. What is v(j)?
-5
Let z be 12/(-5)*(-10)/4. Let y be -2*15/z - -3. Let v(p) = p**3 + 3*p**2 + 4*p + 3. Determine v(y).
-1
Let p(v) = -v**3 + v**2 + v - 2. Let s = 85 - 60. Suppose -s - 3 = -4*d - 4*h, -30 = -5*d - 4*h. What is p(d)?
-4
Let o(u) = -4*u**3 + 7*u**2 + 8*u - 11. Let v(p) = -p + 9. Let l be v(0). Let d(x) = -x**3 + 2*x**2 + 2*x - 3. Let s(y) = l*d(y) - 2*o(y). Give s(4).
3
Let d(x) = -x**3 + x**2 - x + 7. Let j be ((-2)/5)/((-2)/(-20)). Let g = j + 4. Determine d(g).
7
Let q(w) be the first derivative of w**4/4 + 4*w**3/3 - 2*w**2 + 6*w + 1. Let z(t) = -t**2 + 2*t + 3. Let j be z(4). Give q(j).
1
Let d = 35 + -13. Let b = d - 16. Let o(i) = -i**2 + 6*i + 5. What is o(b)?
5
Suppose r + 0*u = 2*u, 2*r + 12 = u. Let y(v) = 9*v + 9. Let t(c) be the first derivative of -3*c**2/2 - 3*c + 5. Let b(z) = r*t(z) - 3*y(z). Calculate b(-3).
6
Let o(v) = 3*v - 1. Let y(k) = -k**2 - 2*k + 3. Let u be y(-3). Let t = -7 - -11. Suppose t*g + 4 = -u. Give o(g).
-4
Let z(w) be the third derivative of w**5/20 - w**3/6 - 13*w**2. What is z(-2)?
11
Let o(l) = -6*l**3 + l. Let h = 16 - 17. Calculate o(h).
5
Let l(u) = 6*u**2. Suppose m = 2*m. Let a = m - -1. What is l(a)?
6
Suppose -5*h + 2*n = 4*n - 26, 5*n - 31 = -4*h. Let p(g) = -h + 2*g - 5*g + 4*g. Let k be p(3). Let w(q) = -4*q**3 + q**2 - q - 1. Calculate w(k).
5
Let d(o) = -4*o + 2 + 2*o + 0 + o**2. Give d(3).
5
Let m(y) = -y**2 - 5*y + 1. Let h = 24 + -30. Calculate m(h).
-5
Let s(z) be the first derivative of z**4/4 + 2*z**3 - z**2 - 9*z - 53. Give s(-6).
3
Let m(c) = c - 9. Let q be m(13). Let k(p) = -4*p**3 + 2*p**2 + 3*p - 6. Let g(h) = 3*h**3 - 2*h**2 - 2*h + 5. Let o(x) = q*k(x) + 5*g(x). Determine o(-2).
-3
Let o(k) = 235*k**2 - 117*k**2 + 4*k - 1 - 119*k**2. Determine o(4).
-1
Let k(v) = -1 + 5 - 2 + v**2 - v. Calculate k(2).
4
Let v(l) = 8*l**2 - l. Suppose 2*q + 18 = 20. What is v(q)?
7
Suppose 4 = 5*q - 6. Let m = q - -2. Let b(x) = 1. Let a(n) = -3*n. Let w(y) = a(y) + 3*b(y). Determine w(m).
-9
Let c(t) = 8*t. Suppose 0*g + 6*g + 6 = 0. Determine c(g).
-8
Suppose -3*n + 2*n - 12 = -5*p, 5*n = 3*p - 16. Let u be n/3 + 39/(-9). Let c(q) = -q**2 - 4*q - 1. Calculate c(u).
-6
Let o(q) = -4*q - 1. Let a(n) = -n - 1. Let x(t) = 3*a(t) - o(t). Give x(4).
2
Suppose -8*r + 7*r + 3 = 0. Suppose 5*k + 7 = -3*c, 3*c - 3 - 10 = 5*k. Let q(n) = c + 3*n**r - 5*n**3 + 0*n**3. Give q(-1).
3
Let m(s) = s**2 - 1. Let c(x) = 6*x**2 + x - 9. Let j(w) = -c(w) + 5*m(w). Let t be 0/(-4)*(-1)/(-2). Determine j(t).
4
Let l(d) = 26*d + 2*d**2 - 11*d + 3 - 12*d. What is l(-2)?
5
Let h = -6 - -9. Let d(u) be the second derivative of -1/12*u**4 - 2/3*u**h - u + 3/2*u**2 + 0. Determine d(-4).
3
Suppose 4*o + 16 = 2*m, -2*m = 4*o - 0*m. Let l(n) = 3*n - 2. What is l(o)?
-8
Let g(b) = b**3 + 5*b**2 + 3*b. Let q be ((-12)/(-18)*3)/(-1). Calculate g(q).
6
Let l = -6 + 6. Suppose l = -2*y - 3*y. Let v(w) = w**2 - 6. Give v(y).
-6
Suppose 11 = -2*h + 31. Suppose h - 1 = 3*v. Let d(s) = -2*s + 4. Determine d(v).
-2
Let q(y) = -17*y**2 + y. Let v(o) = o**2 + 3*o - 19. Let f be v(-6). Determine q(f).
-18
Let l(z) = 3*z**3 - 4*z**2 - 8*z - 2. Let o(s) = -7*s**3 + 8*s**2 + 17*s + 4. Let d(q) = 9*l(q) + 4*o(q). What is d(-3)?
1
Let s(f) be the first derivative of -f**3/3 + 9*f**2/2 - 6*f + 10. Calculate s(6).
12
Suppose 0 = -16*m + 13*m. Let d be 19/6 + (-3)/18. Let z(p) = -p + 1 + 2*p - p**2 - 7*p**3 + 6*p**d. Calculate z(m).
1
Let r(q) = -7 + 1 - q + 0*q + 3. Determine r(-9).
6
Let u(l) = l**3 - 4*l**2 - 5*l - 5. Let p(x) = 7*x**2 - 2*x - x + 0*x**2 + 4*x. Let a be p(-1). Suppose w = a*w + 20, -2*j + 18 = -2*w. Determine u(j).
-5
Suppose -5*a = 7 + 8. Let y(w) be the first derivative of 0*w - 1/3*w**3